is divided by 532.
517
Calculate the remainder when 489947 is divided by 3190.
1877
What is the remainder when 3128540 is divided by 1597?
17
Calculate the remainder when 37423 is divided by 3414.
3283
Calculate the remainder when 214634 is divided by 107280.
74
Calculate the remainder when 32995 is divided by 294.
67
What is the remainder when 333010 is divided by 83251?
6
Calculate the remainder when 5719 is divided by 228.
19
Calculate the remainder when 18622943 is divided by 980145.
188
What is the remainder when 6613747 is divided by 944820?
7
What is the remainder when 675470 is divided by 20460?
290
Calculate the remainder when 13276822 is divided by 973.
237
Calculate the remainder when 1984017 is divided by 31492.
21
What is the remainder when 259831 is divided by 6530?
5161
Calculate the remainder when 1286312 is divided by 98.
62
What is the remainder when 2054671 is divided by 413?
409
What is the remainder when 91267 is divided by 22778?
155
Calculate the remainder when 219157 is divided by 1575.
232
What is the remainder when 5481 is divided by 615?
561
What is the remainder when 167142 is divided by 27614?
1458
What is the remainder when 901746 is divided by 33?
21
What is the remainder when 146675779 is divided by 1741?
11
What is the remainder when 45374 is divided by 1167?
1028
What is the remainder when 691522 is divided by 62859?
73
What is the remainder when 9561111 is divided by 53414?
5
Calculate the remainder when 5107721 is divided by 2553855.
11
Calculate the remainder when 315260547 is divided by 550.
547
Calculate the remainder when 22430567 is divided by 91553.
82
What is the remainder when 569713 is divided by 37980?
13
What is the remainder when 360630 is divided by 44994?
678
What is the remainder when 17952886 is divided by 12953?
28
What is the remainder when 43705625 is divided by 279?
275
Calculate the remainder when 1335069 is divided by 166880.
29
What is the remainder when 21799677 is divided by 20?
17
Calculate the remainder when 32303217 is divided by 20.
17
Calculate the remainder when 438150 is divided by 1046.
922
Calculate the remainder when 952883 is divided by 16429.
1
What is the remainder when 772408 is divided by 423?
10
Calculate the remainder when 776956 is divided by 553.
544
Calculate the remainder when 928645 is divided by 593.
7
Calculate the remainder when 433624 is divided by 216810.
4
Calculate the remainder when 7748836 is divided by 468.
160
Calculate the remainder when 258456 is divided by 14275.
1506
What is the remainder when 126240 is divided by 37915?
12495
Calculate the remainder when 2382963 is divided by 397156.
27
What is the remainder when 37665 is divided by 700?
565
Calculate the remainder when 185499 is divided by 108.
63
Calculate the remainder when 295823703 is divided by 484.
483
What is the remainder when 10244 is divided by 132?
80
Calculate the remainder when 2139850 is divided by 194524.
86
Calculate the remainder when 23979 is divided by 1261.
20
What is the remainder when 50971194 is divided by 40?
34
What is the remainder when 166666811 is divided by 4458?
23
What is the remainder when 1646364 is divided by 34?
16
What is the remainder when 64094 is divided by 1109?
881
What is the remainder when 19722372 is divided by 710?
702
Calculate the remainder when 197797077 is divided by 6155.
6152
Calculate the remainder when 24715874 is divided by 12357912.
50
What is the remainder when 71002159 is divided by 108899?
11
What is the remainder when 22135120 is divided by 102954?
10
What is the remainder when 8010361 is divided by 45?
1
Calculate the remainder when 184228 is divided by 60631.
2335
What is the remainder when 8057871 is divided by 335744?
15
Calculate the remainder when 229078 is divided by 8998.
4128
What is the remainder when 740727 is divided by 183533?
6595
What is the remainder when 1577209039 is divided by 22?
21
What is the remainder when 30088 is divided by 4284?
100
What is the remainder when 258393 is divided by 382?
161
Calculate the remainder when 510744 is divided by 2173.
89
Calculate the remainder when 128792106 is divided by 3118.
3116
Calculate the remainder when 109532 is divided by 2870.
472
Calculate the remainder when 54475 is divided by 958.
827
What is the remainder when 2113811 is divided by 1654?
1653
What is the remainder when 3034881 is divided by 3267?
3105
What is the remainder when 6062948 is divided by 6193?
1
What is the remainder when 12611770 is divided by 247289?
31
What is the remainder when 1735826 is divided by 543?
398
What is the remainder when 485234 is divided by 11284?
22
Calculate the remainder when 32577 is divided by 8886.
5919
What is the remainder when 130315979 is divided by 20?
19
What is the remainder when 26438269 is divided by 10?
9
Calculate the remainder when 61152 is divided by 791.
245
Calculate the remainder when 77936 is divided by 2034.
644
What is the remainder when 150072 is divided by 969?
846
What is the remainder when 62506724 is divided by 13359?
13322
What is the remainder when 238103 is divided by 446?
385
What is the remainder when 226279 is divided by 13184?
2151
Calculate the remainder when 88283943 is divided by 28.
27
Calculate the remainder when 18720 is divided by 236.
76
What is the remainder when 275376 is divided by 22?
2
What is the remainder when 44751458 is divided by 7458575?
8
Calculate the remainder when 153172 is divided by 51027.
91
What is the remainder when 52677028 is divided by 520?
508
What is the remainder when 2065742 is divided by 1674?
26
What is the remainder when 19775 is divided by 6519?
218
What is the remainder when 6500 is divided by 14?
4
Calculate the remainder when 69140131 is divided by 1565.
1561
Calculate the remainder when 1629364 is divided by 52.
48
What is the remainder when 3270960 is divided by 32?
16
What is the remainder when 50682 is divided by 930?
462
Calculate the remainder when 75868 is divided by 75857.
11
Calculate the remainder when 4644845 is divided by 655.
240
What is the remainder when 343880 is divided by 372?
152
What is the remainder when 9345727 is divided by 71?
68
What is the remainder when 18461805 is divided by 185?
100
What is the remainder when 16490494 is divided by 5496828?
10
What is the remainder when 113254975 is divided by 3512?
3511
Calculate the remainder when 55482935 is divided by 2922.
2921
What is the remainder when 39065 is divided by 9579?
749
Calculate the remainder when 1960864 is divided by 1936.
1632
Calculate the remainder when 54364703 is divided by 2811.
2774
Calculate the remainder when 155778 is divided by 72599.
10580
What is the remainder when 599963 is divided by 312?
299
Calculate the remainder when 83353 is divided by 269.
232
Calculate the remainder when 2817728 is divided by 2966.
28
Calculate the remainder when 346321053 is divided by 8.
5
Calculate the remainder when 45905 is divided by 3759.
797
What is the remainder when 67673 is divided by 1405?
233
What is the remainder when 20610620 is divided by 342?
332
Calculate the remainder when 714559 is divided by 15533.
41
What is the remainder when 578336 is divided by 6680?
3856
Calculate the remainder when 100441 is divided by 16367.
2239
What is the remainder when 753862 is divided by 311?
309
Calculate the remainder when 9519154 is divided by 3650.
3604
What is the remainder when 1689899 is divided by 4014?
5
What is the remainder when 369790 is divided by 439?
152
What is the remainder when 48805153 is divided by 9999?
34
What is the remainder when 87951 is divided by 43961?
29
What is the remainder when 148850161 is divided by 2711?
2706
Calculate the remainder when 3009403 is divided by 50.
3
What is the remainder when 16476925 is divided by 1029806?
29
Calculate the remainder when 9360604 is divided by 60783.
22
What is the remainder when 561250 is divided by 2319?
52
What is the remainder when 56192 is divided by 4646?
440
Calculate the remainder when 764935 is divided by 55.
50
Calculate the remainder when 143005 is divided by 1357.
520
What is the remainder when 12322 is divided by 5608?
1106
What is the remainder when 49264 is divided by 11763?
2212
What is the remainder when 7458134 is divided by 2486006?
116
What is the re